-4)/(-2). Calculate the greatest common factor of j and y.
1
Let g = -1604 + 2503. Let a = -1801 + 1832. Calculate the highest common factor of g and a.
31
Let a be ((-20)/(-12))/((-3)/(-108)). Let f = a + 60. Calculate the greatest common factor of f and 24.
24
Let f = -1014 - -718. Let v = 310 + f. Calculate the greatest common factor of 49 and v.
7
Let g be (2/5)/(1592/2407900). Calculate the highest common divisor of 70 and g.
5
Let u(q) = -q**3 + 22 - 35*q - 6*q**2 - 13 + 30*q. Let z be u(-5). Let p be (42/z + -4)*12. Calculate the greatest common factor of 40 and p.
8
Let r = 10360 + -10326. What is the highest common factor of 4369 and r?
17
Suppose p - 724 = 5*a, -30*p - 4204 = -36*p - 5*a. Calculate the greatest common factor of 1600 and p.
64
Suppose 31 = 5*u - 3*v, -5*v = 362*u - 364*u + 20. Suppose 800 = -s + 6*s. Calculate the highest common factor of s and u.
5
Suppose -9 = 3*h - 3. Let m be (-1 - h)/(3/63). What is the greatest common factor of m and 42?
21
Let u(x) = -x**3 - 12*x**2 + 18*x - 89. Let v be u(-14). Calculate the greatest common divisor of v and 629.
17
Let w = 237 + -48. Let m(t) = -t**3 - 7*t**2 - 4*t - 1. Let r be m(-7). Calculate the highest common divisor of r and w.
27
Suppose 11*r = 1707 + 1153. What is the highest common divisor of r and 130?
130
Let h(o) = -8*o**2 - 624*o - 607. Let u be h(-77). What is the highest common factor of u and 2721?
3
Let c be ((-92)/(-23))/((-2)/(-4)). What is the highest common divisor of 2104 and c?
8
Let z be 2/((-15)/((-135)/(-2))) - -867. What is the highest common divisor of z and 52?
26
Suppose -54*u - 873 = -51*u. Let w = u - -408. What is the greatest common divisor of w and 65?
13
Let f(r) = -3*r**2 - 2*r**3 - 4*r**2 + 9 - 53 - 16*r + r**3. Let h be f(-6). Let x = h + 64. Calculate the greatest common factor of 32 and x.
16
Let m(p) = -p + 14. Let w be m(10). Let c = -29 + 29. Suppose c = w*h - y - 104, 2*y = -4*h - y + 120. Calculate the greatest common factor of h and 3.
3
Suppose 0 = w - 27 - 2. Let x be (462144/1245)/(3/15). Calculate the highest common factor of x and w.
29
Let k(f) = 2*f**3 - f**2 - 2*f + 1. Let g be k(3). Let s be ((-34)/5)/(24/(-240)). Let y = s - g. Calculate the highest common factor of 14 and y.
14
Let b be 2/5 + 8/5. Let w = 1585 - 1579. Suppose q = -2*y + y + 23, b*y + w = 0. What is the greatest common divisor of q and 13?
13
Let t be 14/(-8) - 4/16. Let c(d) = 2*d**2 - 2. Let m be c(t). Suppose 0 = -b + 1 + 41. Calculate the highest common factor of b and m.
6
Suppose 2*g - 23*g + 63 = 0. Let t be 65 + (-3)/(-2 + -1)*g. What is the highest common divisor of t and 748?
68
Let d = 63 + -83. Let y = -14 - d. Suppose -30*o + 31*o - y = 0. Calculate the highest common divisor of o and 6.
6
Suppose 54*q = -6*a + 55*q + 696, -464 = -4*a + 5*q. Suppose -4*f + 160 + 1116 = 0. Calculate the greatest common factor of a and f.
29
Let c(x) = 9*x**2 + 1. Let s be c(1). Suppose -58 = -18*q + 14. Let r be (q - (3 + 3))*-40. What is the highest common factor of r and s?
10
Let s be (-76)/19 - (-112)/4. What is the greatest common factor of s and 300?
12
Let i = -30 + 30. Suppose 29 = -i*s + s. Suppose 336 = -27*q + s*q. Calculate the highest common divisor of 21 and q.
21
Suppose -r - 2*r + 135 = 0. Let o(g) = -36*g**2 + 1012*g - 107. Let l be o(28). Calculate the highest common divisor of l and r.
5
Let m = 1777 + -1759. What is the greatest common factor of m and 3285?
9
Let v be (36/20)/(45/225). Suppose -4*n + 5*y = 136 - 1205, -768 = -3*n - 3*y. What is the highest common factor of v and n?
9
Suppose 0*f - 122 = 10*f - 1412. Calculate the greatest common divisor of f and 63.
3
Let u = 1530 + -1514. What is the highest common factor of 48 and u?
16
Suppose 8*t - 4 = 6*t. Suppose -6*q = -3*q + 84. Let i be q/(-6) + 13/39. Calculate the greatest common factor of t and i.
1
Let p be (2 + -5)*(-2660)/228. Calculate the highest common factor of p and 5495.
35
Let x(d) = d**2 + 50*d + 1696. Let y be x(-24). Suppose 4*f + k - 163 - 104 = 0, -3*f - 4*k = -197. Calculate the greatest common divisor of y and f.
67
Suppose -5*b - 96 = -841. Suppose -4*r - b = -4*m + r, 179 = 5*m + r. Let v be -1*(2 - -1) + 1*m. What is the greatest common divisor of v and 132?
33
Let g(n) = 2*n**3 - 11*n**2 - 820*n + 2520. Let z be g(3). Let q(o) = o**2 - 2*o - 5. Let i be q(-5). What is the highest common factor of z and i?
15
Suppose -4*l - 6*q = -5*q - 1327, 0 = 3*l - 5*q - 1024. Suppose -43*b = -34*b - 333. What is the greatest common factor of l and b?
37
Let g = 9881 + -9868. Let s(z) = 2*z - z + 6 - 3. Let b be s(g). What is the highest common divisor of 16 and b?
16
Suppose -49*r = -48*r - 3. Let a = 28 - 13. Let o be (72/(-20))/((-6)/a). Calculate the highest common divisor of r and o.
3
Let v be 0 - (-4)/(-5) - 183719/(-505). Suppose p + 4*a + 1 = 0, -4*a - 43 = 3*p - 2*a. Let n = 50 + p. Calculate the greatest common divisor of v and n.
33
Let w(n) = 89*n - 27. Let b(g) = -59*g + 18. Let x(t) = -7*b(t) - 5*w(t). Let u be x(-3). What is the greatest common factor of 30 and u?
15
Let j(z) = -z**3 + 4*z**2 - z + 81. Let c be j(6). Let g = 54 - -39. What is the highest common factor of g and c?
3
Suppose 0 = -3*t + 11 - 8. Let d be -2 - (-2 + t) - (11 - 97). Suppose 3*z - d = -49. What is the highest common divisor of z and 18?
6
Let o = -41 + 17. Let t(r) = r**3 + 23*r**2 - 22*r + 56. Let a be t(o). What is the highest common divisor of a and 120?
8
Let r(j) = -16*j - 94. Let m be r(-9). What is the highest common factor of m and 1090?
10
Let n be (6*1)/((-2)/(-5)). Let h = -1756 - -1912. Suppose -h = 3*p - n*p. What is the greatest common divisor of 104 and p?
13
Let n be (-21)/(-4)*(-8)/2. Let y = n + 45. Let i(q) = -137*q**2 + 307*q - 2. Let v be i(1). Calculate the highest common factor of y and v.
24
Let z = -507 + 246. Let f = z - -470. Suppose 7*q - 2*q - 3*b - 70 = 0, -4*b = q + 9. Calculate the greatest common divisor of f and q.
11
Suppose 3*q - 15 = 3*u, -3*q - 4*u = 2*q + 2. Let b = q + 58. Suppose -b*t + 4 = -56*t. Calculate the highest common factor of 1 and t.
1
Let h = 6128 + -3477. Calculate the highest common factor of h and 22.
11
Let p(x) = 6*x + 100. Let z be p(-16). Suppose 91 = 3*c + z*v, 7*v = -2*c + 5*v + 60. What is the highest common divisor of 319 and c?
29
Let b(t) = t + 13*t**2 + 4*t + 27*t - 11 - 23 + t**3 - 11*t. Let l be b(-10). Let z(q) = -q + 4. Let w be z(-3). What is the greatest common divisor of w and l?
7
Let z(u) = -u + 10. Let y(n) = -n**2 - 13*n - 30. Let r be 9/(-21) - (-420)/(-49). Let s be y(r). Let w be z(s). Calculate the highest common factor of w and 6.
2
Let y(f) be the third derivative of -41*f**4/24 - 70*f**3/3 + 34*f**2 - 2*f. Let l be y(-5). Calculate the highest common divisor of l and 65.
65
Let g = 15129 - 14414. What is the greatest common factor of 495 and g?
55
Suppose -4792 = -4*r + 2*u + 10060, 11146 = 3*r - 5*u. Calculate the greatest common factor of 58 and r.
58
Suppose -5*c + 30 = -0*c. Let q(x) = 8*x + 26. Let y be q(6). Let s = 76 - y. Calculate the highest common factor of c and s.
2
Let k be (0 + -8 + -5)/(2/2188*-2). Calculate the highest common factor of k and 13.
13
Let h = 9881 - 3234. Calculate the highest common divisor of h and 92.
23
Let u(s) = -2*s**2 - 29*s - 16. Let b be 12/14*(1 + -15). Let k be u(b). What is the highest common factor of 176 and k?
44
Suppose -3*y = -0*y - 39. Suppose 15*k = 14*k - 1. Let j be k/(1 - 708/702). Calculate the greatest common divisor of j and y.
13
Let a = -226 + -244. Let y = -415 - a. Calculate the highest common divisor of 5 and y.
5
Let p = 188 - 96. Let q = p - 90. Suppose 0 = -2*a - 0*a + q*o + 20, 2*a + 5*o + 8 = 0. What is the highest common factor of a and 54?
6
Let g be (-2)/(-8) + 19/4. Let h(b) = 3*b - 6. Let s be h(g). Suppose -4*u = s - 73. What is the greatest common divisor of u and 112?
16
Suppose 2*p - 22 = 78. Calculate the highest common divisor of p and 2.
2
Suppose 0 = -3*g + 58 + 59. Let z be (2 - 1)/((-44)/(-70356)). What is the highest common factor of g and z?
39
Suppose 0 = 4*f - 8 - 0. Let c be (f/2)/(4/56). Suppose -12*p + 427 = 91. Calculate the greatest common factor of p and c.
14
Let l be (-2)/(1 - 22/20). Suppose -l = 